{"id":15,"date":"2013-02-01T23:26:37","date_gmt":"2013-02-01T22:26:37","guid":{"rendered":"http:\/\/gsa-ziegelmeyer.de\/?page_id=15"},"modified":"2013-02-22T11:57:29","modified_gmt":"2013-02-22T10:57:29","slug":"verkehrslarm","status":"publish","type":"page","link":"https:\/\/www.gsa-ziegelmeyer.de\/index.php\/leistungen\/verkehrslarm\/","title":{"rendered":"Schallschutz an Verkehrswegen"},"content":{"rendered":"<style type=\"text\/css\"><!--\nli {color: red;} li span {color: #595959; line-height: 190%;}\n--><\/style>\n<h1>Schallschutz an <span style=\"color: #ff0000;\">Verkehrswegen<\/span><\/h1>\n<h1>\n<div class=\"clear\"><\/div><div class=\"gdl-divider gdl-border-x top\"><div class=\"scroll-top\"><\/div><\/div>\n<\/h1>\n<p>L\u00e4rm geht von allen Verkehrswegen, Stra\u00dfen, Schienen und dem Flugbetrieb aus. Um die Einwirkung dieser Faktoren auf den Menschen so gering wie m\u00f6glich zu halten, k\u00f6nnen bereits in der Planungsphase neuer Verkehrswege Ma\u00dfnahmen zum Schallschutz ergriffen werden. Aber auch im Rahmen der L\u00e4rmsanierung und der Entwicklung neuer Siedlungsgebiete ist das Thema Schallschutz brisant.<\/p>\n<p><strong><br \/>\nUnser T\u00e4tigkeitsfeld umfasst:<\/strong><\/p>\n<ul style=\"list-style-type: square;\">\n<li><span>Messtechnische Ermittlung der Schalleinwirkungen von Stra\u00dfen, Bahnstrecken und dem Flugverkehr<\/span><\/li>\n<li><span>Prognosen und Berechnungen nach Verkehrsl\u00e4rmschutzverordnung (16.BImSchV) und der RLS-90<\/span><\/li>\n<li><span><span>Dimensionierung und Auslegungen von aktiven und passiven L\u00e4rmschutzanlagen<\/span><\/span><\/li>\n<li><span><span>Langzeitmessungen und \u00dcberwachung zur Erfassung lange oder regelm\u00e4\u00dfige einwirkender L\u00e4rmereignisse<\/span><\/span><\/li>\n<li><span>Erstellungen von Gutachten<\/span><\/li>\n<\/ul>\n","protected":false},"excerpt":{"rendered":"<p>Schallschutz an Verkehrswegen L\u00e4rm geht von allen Verkehrswegen, Stra\u00dfen, Schienen und dem Flugbetrieb aus. Um die Einwirkung dieser Faktoren auf den Menschen so gering wie m\u00f6glich zu halten, k\u00f6nnen bereits in der Planungsphase neuer Verkehrswege Ma\u00dfnahmen zum Schallschutz ergriffen werden. Aber auch im Rahmen der L\u00e4rmsanierung und der Entwicklung neuer Siedlungsgebiete ist das Thema Schallschutz brisant. Unser T\u00e4tigkeitsfeld umfasst: Messtechnische Ermittlung der Schalleinwirkungen von Stra\u00dfen, Bahnstrecken und dem Flugverkehr Prognosen und Berechnungen nach Verkehrsl\u00e4rmschutzverordnung (16.BImSchV) und der RLS-90 Dimensionierung und Auslegungen von aktiven und passiven L\u00e4rmschutzanlagen Langzeitmessungen und \u00dcberwachung zur Erfassung lange oder regelm\u00e4\u00dfige einwirkender L\u00e4rmereignisse Erstellungen von Gutachten<\/p>\n","protected":false},"author":1,"featured_media":0,"parent":8,"menu_order":0,"comment_status":"open","ping_status":"open","template":"","meta":{"footnotes":""},"class_list":["post-15","page","type-page","status-publish","hentry"],"_links":{"self":[{"href":"https:\/\/www.gsa-ziegelmeyer.de\/index.php\/wp-json\/wp\/v2\/pages\/15","targetHints":{"allow":["GET"]}}],"collection":[{"href":"https:\/\/www.gsa-ziegelmeyer.de\/index.php\/wp-json\/wp\/v2\/pages"}],"about":[{"href":"https:\/\/www.gsa-ziegelmeyer.de\/index.php\/wp-json\/wp\/v2\/types\/page"}],"author":[{"embeddable":true,"href":"https:\/\/www.gsa-ziegelmeyer.de\/index.php\/wp-json\/wp\/v2\/users\/1"}],"replies":[{"embeddable":true,"href":"https:\/\/www.gsa-ziegelmeyer.de\/index.php\/wp-json\/wp\/v2\/comments?post=15"}],"version-history":[{"count":33,"href":"https:\/\/www.gsa-ziegelmeyer.de\/index.php\/wp-json\/wp\/v2\/pages\/15\/revisions"}],"predecessor-version":[{"id":498,"href":"https:\/\/www.gsa-ziegelmeyer.de\/index.php\/wp-json\/wp\/v2\/pages\/15\/revisions\/498"}],"up":[{"embeddable":true,"href":"https:\/\/www.gsa-ziegelmeyer.de\/index.php\/wp-json\/wp\/v2\/pages\/8"}],"wp:attachment":[{"href":"https:\/\/www.gsa-ziegelmeyer.de\/index.php\/wp-json\/wp\/v2\/media?parent=15"}],"curies":[{"name":"wp","href":"https:\/\/api.w.org\/{rel}","templated":true}]}}